b
What is 12122 (base 3) in base 8?
230
2 (base 16) to base 13
2
4 (base 13) to base 14
4
2002 (base 3) to base 2
111000
What is 11 (base 12) in base 5?
23
What is -13 (base 6) in base 13?
-9
Convert 0 (base 6) to base 7.
0
What is -11 (base 2) in base 11?
-3
-7 (base 13) to base 11
-7
What is -db (base 14) in base 12?
-141
e2 (base 16) to base 3
22101
Convert -30 (base 10) to base 3.
-1010
-b (base 12) to base 9
-12
What is -11 (base 9) in base 15?
-a
Convert 102 (base 6) to base 11.
35
Convert 25 (base 9) to base 2.
10111
What is 1010 (base 2) in base 13?
a
Convert 1010001 (base 2) to base 8.
121
What is 2 (base 12) in base 8?
2
Convert -23 (base 6) to base 10.
-15
-6 (base 14) to base 16
-6
Convert b0 (base 14) to base 15.
a4
0 (base 3) to base 9
0
What is 1030 (base 4) in base 5?
301
10 (base 3) to base 12
3
What is 4 (base 5) in base 3?
11
Convert 51 (base 10) to base 13.
3c
What is 11 (base 4) in base 7?
5
What is 198 (base 12) in base 8?
404
-5 (base 10) to base 5
-10
Convert 10 (base 3) to base 7.
3
-99 (base 10) to base 2
-1100011
-21 (base 6) to base 16
-d
-10 (base 6) to base 11
-6
Convert 4a (base 12) to base 5.
213
Convert 120 (base 3) to base 7.
21
Convert -102 (base 14) to base 8.
-306
2 (base 3) to base 8
2
What is -7 (base 10) in base 9?
-7
What is -33 (base 4) in base 3?
-120
What is -8 (base 14) in base 2?
-1000
30 (base 11) to base 13
27
-22 (base 7) to base 6
-24
Convert -4 (base 13) to base 15.
-4
Convert -1e (base 16) to base 12.
-26
Convert 43 (base 11) to base 6.
115
What is -4d (base 16) in base 2?
-1001101
What is 6 (base 10) in base 15?
6
What is -7 (base 14) in base 7?
-10
104 (base 6) to base 2
101000
What is 20 (base 13) in base 12?
22
Convert 10110 (base 4) to base 13.
183
-128 (base 11) to base 3
-12121
3 (base 5) to base 10
3
-202 (base 3) to base 2
-10100
What is -115 (base 6) in base 13?
-38
21 (base 12) to base 9
27
Convert 4 (base 7) to base 10.
4
-25 (base 8) to base 16
-15
12 (base 12) to base 10
14
-2 (base 4) to base 16
-2
-2 (base 8) to base 4
-2
What is -3 (base 13) in base 3?
-10
Convert 21 (base 9) to base 8.
23
Convert -11 (base 6) to base 10.
-7
Convert 9 (base 11) to base 5.
14
What is -4 (base 9) in base 4?
-10
Convert d (base 14) to base 16.
d
-134 (base 6) to base 8
-72
What is 1321 (base 4) in base 7?
232
Convert b (base 12) to base 10.
11
-4 (base 10) to base 4
-10
What is 8 (base 16) in base 9?
8
Convert 26 (base 8) to base 13.
19
-3 (base 14) to base 8
-3
Convert -18 (base 12) to base 13.
-17
What is -6 (base 11) in base 5?
-11
Convert -17 (base 14) to base 3.
-210
-32 (base 4) to base 7
-20
What is 0 (base 16) in base 7?
0
Convert 3 (base 11) to base 6.
3
f (base 16) to base 6
23
27 (base 16) to base 5
124
What is -25 (base 11) in base 10?
-27
9 (base 13) to base 4
21
-260 (base 9) to base 3
-22000
4 (base 15) to base 6
4
What is -cd (base 14) in base 6?
-501
1 (base 13) to base 15
1
Convert 3 (base 8) to base 5.
3
What is 22 (base 13) in base 15?
1d
What is -11001110 (base 2) in base 6?
-542
What is 110010 (base 2) in base 10?
50
-5 (base 15) to base 10
-5
Convert -13 (base 14) to base 2.
-10001
What is 553 (base 7) in base 9?
344
What is 2 (base 16) in base 11?
2
What is 111 (base 3) in base 5?
23
What is 138 (base 9) in base 8?
164
What is 2 (base 16) in base 4?
2
What is -ae (base 16) in base 13?
-105
What is -13 (base 5) in base 6?
-12
9 (base 12) to base 15
9
What is 0 (base 11) in base 2?
0
What is -1 (base 15) in base 8?
-1
Convert 13 (base 16) to base 8.
23
-110 (base 5) to base 2
-11110
Convert -77 (base 8) to base 4.
-333
-83 (base 12) to base 13
-78
122 (base 5) to base 2
100101
Convert 0 (base 9) to base 14.
0
What is 0 (base 5) in base 8?
0
10000 (base 2) to base 12
14
What is 107 (base 13) in base 5?
1201
What is 2 (base 8) in base 16?
2
Convert 10011001 (base 2) to base 14.
ad
Convert 193 (base 10) to base 6.
521
Convert -4 (base 15) to base 14.
-4
-11 (base 5) to base 7
-6
43 (base 16) to base 13
52
What is 1 (base 10) in base 3?
1
Convert 8 (base 14) to base 7.
11
Convert -21 (base 4) to base 8.
-11
-34 (base 13) to base 14
-31
What is 252 (base 7) in base 2?
10000111
Convert -1000 (base 2) to base 14.
-8
180 (base 9) to base 3
12200
What is 111011 (base 2) in base 3?
2012
Convert 2 (base 9) to base 10.
2
What is 102 (base 4) in base 2?
10010
What is -13 (base 12) in base 15?
-10
What is 40 (base 6) in base 12?
20
1 (base 9) to base 14
1
Convert 47 (base 14) to base 15.
43
-4 (base 11) to base 3
-11
What is 102 (base 4) in base 15?
13
What is -11 (base 11) in base 4?
-30
What is -4 (base 16) in base 2?
-100
Convert 36 (base 11) to base 10.
39
1 (base 3) to base 16
1
Convert -1 (base 9) to base 11.
-1
Convert -50 (base 7) to base 12.
-2b
What is -7 (base 9) in base 16?
-7
What is -20001 (base 3) in base 2?
-10100011
Convert 2 (base 8) to base 15.
2
-4 (base 11) to base 13
-4
a (base 15) to base 12
a
What is -10 (base 4) in base 9?
-4
Convert -45 (base 11) to base 4.
-301
What is 100 (base 2) in base 5?
4
-8 (base 13) to base 15
-8
-1014 (base 6) to base 8
-342
Convert 34 (base 5) to base 16.
13
-3 (base 5) to base 15
-3
What is 35 (base 9) in base 6?
52
-1a (base 16) to base 5
-101
What is -b7 (base 12) in base 16?
-8b
What is 1a (base 12) in base 10?
22
What is 3232 (base 4) in base 16?
ee
402 (base 8) to base 2
100000010
40 (base 14) to base 15
3b
Convert -2 (base 13) to base 11.
-2
Convert -13 (base 4) to base 16.
-7
What is -415 (base 8) in base 4?
-10031
What is 8 (base 15) in base 16?
8
What is 5 (base 11) in base 16?
5
Convert 14d (base 15) to base 2.
100101010
4 (base 7) to base 5
4
Convert -2 (base 12) to base 9.
-2
5 (base 9) to base 5
10
Convert -12 (base 10) to base 6.
-20
Convert -10333 (base 4) to base 3.
-102211
What is 43 (base 5) in base 2?
10111
-33 (base 8) to base 3
-1000
What is -76 (base 8) in base 13?
-4a
What is -134 (base 5) in base 12?
-38
Convert -1 (base 12) to base 15.
-1
Convert -1 (base 10) to base 14.
-1
Convert 3 (base 4) to base 13.
3
-33 (base 9) to base 3
-1010
-2 (base 12) to base 14
-2
Convert -2 (base 11) to base 15.
-2
What is -1d (base 14) in base 3?
-1000
What is 1011 (base 2) in base 11?
10
Convert 10 (base 6) to base 15.
6
Convert -6 (base 14) to base 12.
-6
-1d (base 15) to base 11
-26
What is 1 (base 11) in base 6?
1
Convert 15 (base 6) to base 12.
b
-1 (base 12) to base 14
-1
What is 3 (base 16) in base 2?
11
What is 23 (base 13) in base 15?
1e
Convert 8 (base 16) to base 10.
8
Convert -37 (base 8) to base 7.
-43
What is 1 (base 5) in base 12?
1
What is 6 (base 15) in base 3?
20
What is -7 (base 8) in base 2?
-111
-84 (base 14) to base 13
-8c
Convert 1 (base 3) to base 13.
1
What is 0 (base 14) in base 13?
0
0 (base 10) to base 13
0
Convert -1 (base 2) to base 15.
-1
What is 1001 (base 2) in base 3?
100
Convert 1 (base 3) to base 16.
1
-1 (base 3) to base 8
-1
Convert -4 (base 15) to base 6.
-4
What is 3 (base 11) in base 8?
3
What is 4 (base 6) in base 15?
4
1e (base 15) to base 11
27
Convert c (base 14) to base 7.
15
Convert -313 (base 10) to base 7.
-625
-2 (base 7) to base 2
-10
Convert -44 (base 6) to base 10.
-28
Convert -52 (base 13) to base 11.
-61
Convert -1 (base 7) to base 14.
-1
Convert -30 (base 12) to base 2.
-100100
-301 (base 6) to base 13
-85
20 (base 4) to base 16
8
What is -7 (base 12) in base 4?
-13
-3 (base 16) to base 9
-3
-37 (base 12) to base 15
-2d
What is 40 (base 7) in base 10?
28
What is -231 (base 5) in base 7?
-123
What is 111 (base 4) in base 2?
10101
111 (base 6) to base 2
101011
Convert -212 (base 5) to base 16.
-39
-4 (base 8) to base 9
-4
22 (base 9) to base 12
18
What is -71 (base 10) in base 15?
-4b
-6 (base 15) to base 4
-12
-2 (base 13) to base 9
-2
Convert -23a (base 11) to base 14.
-165
108 (base 11) to base 16
81
Convert -10 (base 10) to base 9.
-11
Convert 54 (base 11) to base 4.
323
What is 15 (base 13) in base 12?
16
0 (base 14) to base 9
0
-6 (base 11) to base 4
-12
What is 0 (base 3) in base 6?
0
-22 (base 6) to base 13
-11
2 (base 11) to base 10
2
What is 2 (base 5) in base 4?
2
Convert 2 (base 9) to base 13.
2
Convert 112 (base 3) to base 5.
24
What is 0 (base 5) in base 6?
0
What is 0 (base 9) in base 5?
0
Convert -35 (base 8) to base 10.
-29
141 (base 6) to base 11
56
C